x = 176. Calculate the remainder when g is divided by 2/4*(22 - 4).
7
Suppose 60 = h + h. Suppose 0 = -m + 4*w + h, 3*m - 3*w = -0*m + 117. Calculate the remainder when (-22)/8*(24 + -49 - 19) is divided by m.
37
Suppose -5*d - 478 = -88. Let b = -51 - d. Let l = b - 10. What is the remainder when l is divided by 9?
8
Suppose -16*n + 24*n - 2226 = -34*n. Calculate the remainder when 843 is divided by n.
48
Let h = -4331 - -4341. What is the remainder when 54 is divided by h?
4
Let x = -22108 + 23107. What is the remainder when x is divided by 56?
47
Let m(a) = 9*a**2 + 3*a - 4. Let j(p) = -2*p - 10. Let q be j(-6). Suppose 3*w - q = y - 0, -y - 2 = -2*w. Calculate the remainder when 154 is divided by m(y).
24
Suppose 0 = 27*g - 30*g + 123. Let o = 34 - g. Let i(t) = 2*t**2 + 5*t - 1. Calculate the remainder when i(o) is divided by 13.
10
Suppose 4494 = 3*w + 5*w + 214. Calculate the remainder when w is divided by 106.
5
Let c(s) = 32*s - 3. Suppose 609 = -6*m + 699. Suppose -m = 2*a - 63. Calculate the remainder when c(3) is divided by a.
21
Let u(a) = -2*a**3 - 122*a**2 - 746*a - 2. Calculate the remainder when u(-6) is divided by 17.
4
Let g(d) = 13*d**3 - 6*d**2 + 16*d - 45. What is the remainder when g(4) is divided by 36?
35
Let x = 35 - -5. Suppose -471 = -4*s + w + x, 5*w = 4*s - 523. Suppose -474 = -5*v + 2*f, 4*f + s = -2*v + 331. What is the remainder when v is divided by 14?
12
Suppose 0 = -2*p - 4 + 12. Suppose 60 = 2*t + p*l, -3*l - 14 = -5*t + 71. Suppose -3*x - t = -8*x. Calculate the remainder when 12 is divided by x.
0
Let g(f) be the second derivative of f**4/2 + f**3/2 + 10*f**2 - 13*f + 3. Calculate the remainder when g(-3) is divided by -2 - -3 - 1 - -14.
9
Suppose -5*l + 2*k + 118 = -69, -2*k + 146 = 4*l. Let b(d) = -4*d**3 - 3*d**2 - d + 10. Calculate the remainder when b(-3) is divided by l.
20
Let i be (-28 - -28) + -1 + -525. Let v = i + 540. What is the remainder when 334 is divided by v?
12
Let u(t) be the third derivative of 5/12*t**5 + 0 - 5/6*t**3 + 0*t - 1/8*t**4 + 34*t**2. Calculate the remainder when u(-2) is divided by 17.
16
Let g(l) = 24*l - 5. Let h = 38 + -35. Let n be g(h). Let v = n + -18. Calculate the remainder when v is divided by 5.
4
Suppose 5*w = -4*w - 0*w + 189. What is the remainder when 301 is divided by w?
7
Suppose -4*s + 5*o = -2 - 175, -5 = 5*o. Suppose 4*g - s = -0*g + w, -2*w - 38 = -4*g. Calculate the remainder when 23 is divided by g/(0 + -4) + 16.
10
Let c(u) = -u**3 - 5*u**2 + u + 144. Calculate the remainder when 581 is divided by c(0).
5
Suppose 2*b = 3*b - 130. What is the remainder when b is divided by (1 - -41) + (-825)/(-275)?
40
Suppose -2*s - 3941 = -4021. Let z(u) = -u**2 + 14*u + 22. What is the remainder when s is divided by z(15)?
5
Suppose 4*q = -7 + 55. Suppose 3*w - j + q = 217, 5*w - 330 = 4*j. Suppose 2*k = 5*p + 2 + 30, -3*k + w = -2*p. What is the remainder when 100 is divided by k?
22
Let c(x) = -2*x + 23. Suppose -16*b - 123 = -11. Calculate the remainder when c(b) is divided by 20.
17
Suppose 72*n + 86*n - 340997 - 130001 = 0. What is the remainder when n is divided by 65?
56
Suppose 4*m + 2010 = 2*l, 396*m + 5 = 395*m. Calculate the remainder when l is divided by 32.
3
Let d(g) = -g**3 + 16*g**2 + 4*g - 37. Let x be d(16). Suppose -y - r = -x + 8, 0 = 2*r - 4. What is the remainder when 57 is divided by y?
6
Let i(b) = b + 21. Let t be i(4). What is the remainder when ((-508)/10)/(-1 - (-20)/t) is divided by 17?
16
Let a(i) = -10*i**2 + 22*i + 8. Let h(n) = 2*n**2 + 2*n - 1. Let z(o) = -a(o) + 2*h(o). What is the remainder when z(5) is divided by 28?
26
Suppose -11*g - 3*g - 3234 = -14266. What is the remainder when g is divided by 3?
2
Suppose 34*k + 51*k - 15725 = 0. Calculate the remainder when k is divided by 93.
92
Let a = -6478 + 6831. What is the remainder when a is divided by 113?
14
Suppose -3*c + 46 = -2*n, 0 = 2*c - n + 8 - 40. Suppose 8*u = -6*u - 5152. Let s = 435 + u. What is the remainder when s is divided by c?
13
Let c = 0 - -6. Suppose -z + 8 = g - 0*g, -2*z - c = 0. Let x = -43008 - -43015. What is the remainder when g is divided by x?
4
Let o(f) = -f**3 - 3*f**2 + 5*f + 8. Suppose 0 = -3*l - 2*a - a + 57, 19 = l + 2*a. What is the remainder when o(-5) is divided by l?
14
Let z = -27508 - -28544. Calculate the remainder when z is divided by 287.
175
Suppose -3*f = -f - 4. Suppose -f*m = -24 - 0. Let d = m - 1. What is the remainder when 41 is divided by d?
8
Let z = -92 - -93. What is the remainder when 63 is divided by 88/(z - -3) - 1/(-1)?
17
Let b = 5410 - 4938. What is the remainder when b is divided by 63?
31
Let k = 26854 + -25439. What is the remainder when 2835 is divided by k?
5
Let j(n) = -28*n**2 + 230*n + 1812. Suppose 4 = h - 21. Calculate the remainder when j(13) is divided by h.
20
Let h = -30 + 88. Suppose 3*b = -w + 50 + 9, -2*w = b - 18. What is the remainder when h is divided by b?
18
Suppose 0 = -3*k - 5*w + 5, 3*k + 3*w + 178 = 187. Suppose 3*j + 117 = -306. Let d = j + 219. What is the remainder when d is divided by k?
3
Suppose -47*d + 10*d + 76104 = -d. Calculate the remainder when d is divided by 4.
2
Suppose -5*f + 123*d - 122*d = -1151, -1152 = -5*f + 2*d. What is the remainder when f is divided by ((-102)/8)/((-18)/48)?
26
Let j be 8 + -4 + -2*23. Let m = -42 - j. Suppose -c - 273 = -5*y, m = 2*c + c - 6. Calculate the remainder when y is divided by 7.
6
Suppose 0 = 16864*v - 16867*v + 15. What is the remainder when 362 is divided by v?
2
Suppose 603 = 50*t - 2497. Calculate the remainder when 117 is divided by t.
55
Suppose -30 = -4*o + i + 34, 5*o - 4*i = 80. Let m = 522 - 525. Calculate the remainder when o is divided by m/(-5)*6400/384.
6
Suppose 27*c + 87 = z + 26*c, -5*z + 438 = -4*c. What is the remainder when (-3)/6 + (-1089)/(-6) is divided by 3*(-2)/2 - (73 - z)?
13
Let q(m) = m**3 - 27*m**2 + 6*m - 30. Suppose -11*x - x = -324. What is the remainder when q(x) is divided by 48/4*(-15)/(-4)?
42
Let v = 9763 + -9702. What is the remainder when 399 is divided by v?
33
Suppose -237*t - 12*t = -4980. Calculate the remainder when 1149 is divided by t.
9
Suppose -484 = -167*h + 163*h. Let s = -93 + h. What is the remainder when 138 is divided by s?
26
Let a be 51/21 + 3/(-7). Suppose -138 = -5*k - s, -a*s + 34 = 3*k - 53. Let f = -10 + k. What is the remainder when 33 is divided by f?
16
Suppose -19*m = -20*m + 92. Let i = 180 - m. Let l(z) = -z**2 + 25*z + 10. What is the remainder when i is divided by l(25)?
8
Let z = 83 - 169. Let n = -79 - z. Suppose 0 = -n*y + 96 + 51. Calculate the remainder when 60 is divided by y.
18
Let x = 440 + -352. Suppose -83*t - 85 = -x*t. What is the remainder when t is divided by 11?
6
Let o(g) = -1 + 4*g**2 + 2*g + 3 + 4*g. Suppose -32*k + 12*k = -41*k + 462. Calculate the remainder when o(-4) is divided by k.
20
Let a = -11 + 23. What is the remainder when (3 + -4 - -717 - -2)/(-63 + 65) is divided by a?
11
Let g(p) = 3*p**2 + 10*p + 1. Let i(y) = -3*y + 10. Let c be i(5). Calculate the remainder when 123 is divided by g(c).
19
Suppose 0 = -3*n - h + 4045, 47*n - 3*h = 49*n - 2699. What is the remainder when n is divided by 672?
4
Let d = 9 - -5. Let f be (1/3)/(5/((-30)/(-1))). Calculate the remainder when f + (1 - 3) - (-80 - -28) is divided by d.
10
Suppose -31*o + 2276 = 2*y - 19*o, 0 = -4*o + 16. Calculate the remainder when y is divided by 93.
91
Let j be 5*6/(-15) - (-4 - 0). Suppose c = -j*c + 66. What is the remainder when c is divided by 13?
9
Suppose -d - 2*d + 2*m = 29, d = -5*m - 21. Let n = 15 + d. What is the remainder when 3/2 + (-77)/(-14) is divided by n?
3
Let b(y) = -3*y + 19. Let i(a) = -a + 1. Let h(l) = b(l) - 4*i(l). Let x be h(0). Let k(v) = v**2 - 14*v + 4. Calculate the remainder when k(x) is divided by 5.
4
What is the remainder when (1 - 4)*(-60)/(-180)*-17 is divided by 11?
6
Suppose 113*n = 114*n - 210. Suppose -n = -8*z + 4*z + 5*o, o = 2. What is the remainder when z is divided by 14?
13
Suppose 0 = -14*v - 2287 + 3785. What is the remainder when 299 is divided by v?
85
Suppose -4*o + 2 = -38. Suppose 200*y - 44 = 189*y. Calculate the remainder when (6 - -18) + y*(-2)/8 is divided by o.
3
Let a(r) = 74*r - 2560. What is the remainder when 